i be l(-5). Suppose -i*u - 6 = -16*u. Give x(u).
-5
Let k(v) be the second derivative of -v**4/12 + 4*v**3/3 - 3*v**2/2 - 51*v + 5. Calculate k(7).
4
Let j(d) = -1. Let y(t) = -2*t - 4. Let v be 0/6 - (0 + -3). Let l(b) = v*j(b) - y(b). What is l(-1)?
-1
Let p(s) be the third derivative of 2*s**4/3 + s**3/2 + 400*s**2. Determine p(-3).
-45
Let c = 358 - 352. Let f(i) = -i**3 + 6*i**2 - 3*i + 7. Determine f(c).
-11
Suppose d - 28 = -3*d. Let m(y) = -y. Let a(f) = 4*f - 2. Let z(p) = 1. Let i(c) = -a(c) + 3*z(c). Let x(l) = -2*i(l) + 6*m(l). What is x(d)?
4
Let c(i) = -7*i - 78. Let z be c(-11). Let j(a) = 3*a**2 + 2*a. Calculate j(z).
1
Let c(l) = -13812*l**3 + 2*l**2 + 13813*l**3 + 0*l**2 - 8*l - 6. Give c(-4).
-6
Let v(b) be the third derivative of 0 + 0*b + 1/3*b**3 - 1/12*b**4 + 9*b**2. Give v(-4).
10
Let h = -98 + 95. Let l(m) = -6*m - 9. Let i be l(h). Let p(r) = r**2 - 7*r - 9. Calculate p(i).
9
Let r be (0 + (0 - 1))*-4. Suppose 6*i - 2*i + r = 0. Let k(u) = u**2. Determine k(i).
1
Let t = 1577 + -1573. Suppose -3*h = 3*p - 2*h - 3, 15 = -5*h. Let y(g) = 3*g + 4*g**2 - g**3 - 2*g - p*g + 1. Determine y(t).
-3
Let j(v) = v**2 - 5*v - 4. Suppose 80 = 7*n + n. Suppose -n*z + 9*z + 5 = 0. What is j(z)?
-4
Let a(h) be the third derivative of 0 - 1/3*h**3 + 0*h - 1/120*h**6 - 2*h**2 + 1/12*h**4 - 1/20*h**5. Let d = -30 + 27. Determine a(d).
-8
Let i(p) = -p**3 - 7*p**2 - 7*p. Let r be (1 + -8)*60/(-42). Let o(g) = 2*g**3 - 14*g**2 + 7*g**2 + r*g**2 + g. Let b be o(-2). Give i(b).
6
Suppose 2*q = 2, -4*x = q - 16 - 9. Let s = -136 - -145. Let d(w) = -s*w + w**2 + w - 153 + 159. Determine d(x).
-6
Suppose 0 = 5*j + r - 37, 2*j - 11 = -j + 5*r. Let o(i) = -21*i + 72*i - 30*i + 1 - 29*i + i**2. Determine o(j).
-6
Let g(o) = 5 - 447*o + 2 + 0 - o**2 + 442*o. Calculate g(-7).
-7
Let c = -5 - -4. Let h(g) = 2*g + 4. Let y(u) be the second derivative of -u**3/6 - 5*u**2/2 - u. Let x(n) = 6*h(n) + 5*y(n). Calculate x(c).
-8
Let p(a) = a**2 - a + 1. Let o(y) = -2*y**2 + 9*y - 5. Let t(c) = o(c) + 3*p(c). Suppose -127*b = -136*b - 63. Determine t(b).
5
Let x(o) = -o**3 + 4*o**2 - 4*o + 3. Let h be (-8)/((-10)/5) + 42. Suppose -42 = 2*i - h. Give x(i).
3
Let c(s) = 6*s**2 - 9*s + 12*s + s - 10*s + 7 + s**3. Suppose -y - 2*y - 4*t + 1 = 0, 5*t - 10 = -5*y. Suppose 0*w - y = w. What is c(w)?
0
Let u = 3 - 1. Let a(x) = x - 1 + 3 - 5 + u - 9*x**3 - x**2. Suppose s = 2*s - 1. Calculate a(s).
-10
Let w(v) be the first derivative of 8 - 15 - 18 + v + 2*v**2. Give w(3).
13
Let h(x) = -7*x**3 + 4*x**2 - 23*x + 8. Let l(m) = -8*m**3 + 5*m**2 - 27*m + 9. Let w(p) = -7*h(p) + 6*l(p). Let t be -2*2/4*3. Calculate w(t).
-8
Let p(q) = -5*q**2 + 32*q + 26. Let z(r) = -3*r**2 + 21*r + 17. Let f(y) = 5*p(y) - 8*z(y). Give f(-6).
6
Let h(g) = 6 + 1 + 0 - g**2. Suppose -4*l + k = -5, -3*l + k + 2 + 3 = 0. Give h(l).
7
Let a(b) = b**3 + 7*b**2 + b + 10. Let s = -7 + 0. Let r be a(s). Let q(d) = d**r + 0*d - 2*d**3 + 0*d**3 - 6*d - 7*d**2. What is q(-6)?
0
Let p(a) = a - 5. Let w(f) = -42. Let j(r) = -9*p(r) + w(r). What is j(3)?
-24
Let k(g) = 3*g**2 - g - 1. Let f(n) = -13*n**2 + 16*n + 4. Let r(x) = -f(x) - 5*k(x). What is r(-5)?
6
Let n(s) = 11*s + 1. Let h(w) = -12*w - 5. Let x(k) = 2*h(k) + 3*n(k). What is x(8)?
65
Suppose d = -4*m + 7, 3*m - 6*d = -5*d + 14. Let c(l) = 1. Let o(j) = -3*j + 10. Let g(s) = m*c(s) - o(s). What is g(5)?
8
Let k(b) be the first derivative of -1/4*b**4 - 2*b**2 + 0*b - 1 - 2*b**3. Let f be (-208)/40 - (-1)/(-5)*-1. Give k(f).
-5
Let o(g) = g**2 - 3*g + 7. Let d = 11 - 9. Let s(h) = h**2 - h + 3. Let k(x) = d*o(x) - 5*s(x). Let u(b) be the first derivative of k(b). What is u(2)?
-13
Let v(x) be the first derivative of -1/3*x**3 + 20 - x + 0*x**2. Determine v(3).
-10
Let i(l) = -5*l - 2. Let b(g) = 2*g + 1. Let m(q) = 5*b(q) + 3*i(q). What is m(2)?
-11
Let a(m) be the third derivative of 0*m + 1/12*m**4 + 1/60*m**6 + 0 + 1/20*m**5 - 23*m**2 + 1/6*m**3. What is a(-2)?
-7
Let u(a) = 2*a**2 + 4*a - 3. Let y(q) = -2*q**2 - 4*q + 3. Let d(z) = -4*u(z) - 3*y(z). Calculate d(-4).
-13
Let y be 6/15 + 4/(-10). Let m(p) = 5*p**3 + 2*p**3 + y*p - p. Let r = 2442 - 2443. Determine m(r).
-6
Let m = 404 - 392. Let h(u) = u**2 - 12*u - 2. Give h(m).
-2
Suppose -29 = 5*h + 61. Let z(o) = -o**2 - 19*o - 19. Let l be z(h). Let x(r) = -7*r. Calculate x(l).
7
Let l(j) = j**3 - 2*j**2 + j - 4. Suppose 9*o = 14*o. Suppose o = s + 5 - 8. Determine l(s).
8
Let w(v) = -v**2. Let u(l) = 3*l**2 - 7*l - 1. Let m(s) = -u(s) - 4*w(s). Calculate m(-9).
19
Let q(f) = 2 + 1 - 1 - f. Let i be (4/(-10))/((-22)/330). Suppose -5*n - j = -2*j - 20, -i = 3*n + 3*j. Calculate q(n).
-1
Let n(a) = -3*a**3 - 24*a**2 + 30*a + 21. Let j be n(-9). Let p(h) = -h**3 - 5*h**2 + 8*h - 1. What is p(j)?
-13
Let h(x) = -92*x**3 + 17 + 16*x + 93*x**3 + 5*x**2 + 9*x**2. Calculate h(-13).
-22
Let l(z) be the first derivative of 1/4*z**4 + 0*z - 9 + 8/3*z**3 + 9/2*z**2. Determine l(-6).
18
Let z(t) be the first derivative of -3/2*t**2 + 2 + t. What is z(-1)?
4
Let r(n) = n + 20. Let b be r(-20). Suppose 3*k + 7*k = b. Let z(w) = w**3 + w**2 + w + 4. Determine z(k).
4
Let v(s) = -s - 2. Suppose 0 = -2*d - y - 35, 4*d + 5*y = 7*d + 46. Let g = -3 + -16. Let j = g - d. Determine v(j).
0
Let d(f) be the third derivative of -f**4/24 + f**3/6 + 47*f**2. What is d(-4)?
5
Suppose 2*d = 43*d + 4*d - 270. Let o = -5 - -9. Let q(f) = 2*f - 2 + 3 - o*f. Determine q(d).
-11
Let f = 52 - 71. Let n = -14 - f. Let z(m) = m + 1. Let r(x) = x**2 - 9*x - 9. Let y(j) = r(j) + 4*z(j). Determine y(n).
-5
Let b be -7 + 60/70*7. Let m(c) = c**2 + c + 4. Let l(x) = -3*x**2 - 2*x - 7. Let i(h) = -3*l(h) - 5*m(h). Give i(b).
4
Let g(c) = -c**3 + 16*c**2 + c - 2. Let b(h) = -3*h**2 + 60*h - 41. Let n be b(19). What is g(n)?
14
Let y(w) be the second derivative of w**3/3 - 33*w**2/2 + 248*w. Give y(15).
-3
Let f = 56 - 53. Let m(t) = t**2 + 2*t - 3. Calculate m(f).
12
Let z(d) = 13*d - 2. Let c(s) = -12*s + 1. Let r(q) = 6*c(q) + 5*z(q). Suppose -8*n - 36 + 12 = 0. Determine r(n).
17
Let g(t) = -t**3 - 4*t**2 - t - 4. Let x = -33 + -3. Let b = -40 - x. Calculate g(b).
0
Let s(o) = -2*o**2 - 1. Let p(r) = r**3 + 18*r**2 + 8*r + 10. Let q(l) = p(l) + 5*s(l). Let a(k) = -k**2 - 3*k - 7. Let y be a(-3). Calculate q(y).
-2
Let f(q) = 58 + 4*q - 6*q - 10*q**2 - 46 + q**3. Determine f(10).
-8
Let r(w) = w**3 - 7*w**2 - 2*w + 7. Let z(x) = -x**3 - x - 2. Let y(c) = r(c) + 2*z(c). Give y(-6).
-9
Suppose -4 = -x + 5*q, -q + 18 = -5*x - 10. Let c(z) = z + 7. Calculate c(x).
1
Suppose -3*s + 4*f = -0*f - 9, -f = -5*s - 2. Suppose 2*k = -2*k + 8. Let b(n) = 0*n**2 + k*n - 2*n**2 - 2*n**3 + 1 + 3*n**2. Give b(s).
2
Suppose -14*n = h - 12*n + 3, n = 2*h - 9. Let l(i) = 0 + 1 + 0 - 4*i. Determine l(h).
-11
Let g(j) = -7*j**2 - 16506 + 16508 + j**3 + 8*j - 2*j. Suppose -18 = -5*x + 2*x. Determine g(x).
2
Let j(g) = -g**3 - 5*g**2 + 4*g + 2. Suppose 2*v = 5*c + 29, 2*v - 2*c - 14 = -0*c. Let p be (1/v)/(10/(-120)). Give j(p).
14
Let s(m) = -7*m. Suppose 6*r + 41 = 17. Determine s(r).
28
Let w(y) = -y**3 - 6*y**2 - 7*y + 2. Let z be (-4 - (-10)/4)*(0 + 4). Determine w(z).
44
Let s be -1 - (-4 + (-2 - (-9 - -4))). Let l(n) be the second derivative of n + s - 3*n**2 - 1/6*n**3. Determine l(-3).
-3
Suppose 3*m + y - 3*y - 140 = 0, -5*y + 25 = 0. Suppose -5*j = 2*p - 0*p + m, 3*j = -p - 29. Let r(k) = k**2 + 6*k - 2. Determine r(j).
14
Let u(k) be the second derivative of -k**3/6 - 4*k**2 - 392*k. Let y be -1 - (1 - (-2 - -4)). Calculate u(y).
-8
Let d(b) be the first derivative of 3*b - 2/3*b**3 - 17 + 3/2*b**2. Give d(3).
-6
Let l(j) = j**2 + 8*j + 4. Let f(a) = -a**2 + 14*a - 13. Let w be f(9). Suppose 2*g + w = 8. Let r be g/2*(0 - -1). Determine l(r).
-8
Let q(y) = 14*y + 478. Let h be q(-34). Let g(n) = -3*n**3 + n**2 + 1. Determine g(h).
-19
Let r(h) = -8*h**2 - 30*h - 2. Let n be r(-4). Let i(m) = -m**3 - 10*m**2 + m + 7. Give i(n).
-3
Let h(i) = -i + 3. Let o = -89 - -126. Let k = -25 + o. Suppose r + k = 4*r. Determine h(r).
-1
Let t(j) = 17*j - 2. Let m = -8 - -5. Let c(y) = -4*y + 12*y - 1 - 5 + 1 + 4. Let z(i) = m*t(i) + 7*c(i). What is z(-1)?
-6
Let p(o) be the first derivative of -22 - 15*o - 1/3*o**3 + 1/2*o**2. Give p(0).
-15
L